
Is (((-83)/1)/(-1))/(-66 - -67) a multiple of 6?
False
Suppose -q = 3, -4*m + 13035 = m + 5*q. Does 15 divide m?
True
Suppose -3*y = -2*t - 396, -3*y - 3*t + 225 = -156. Does 10 divide y?
True
Let s = -902 + 980. Is s a multiple of 3?
True
Let w(p) = 17*p + 5. Suppose -32 = b - 36. Is w(b) a multiple of 12?
False
Let z(t) = -18*t - 3. Let g be z(-2). Let j = -25 + g. Is j a multiple of 4?
True
Let c be (-7)/4 - (-2)/(-8). Let f = c + 4. Does 12 divide 49/f - (-10)/(-20)?
True
Let i be (-8)/12*(-654)/4. Suppose 3*t + 154 = 4*b, b - t + i = 4*b. Is b a multiple of 10?
False
Let x = -751 + 1495. Is x a multiple of 12?
True
Let m(k) = 7*k**3 - 3*k + 2. Let i be m(2). Suppose 0 = -5*y + i - 2. Is 5 a factor of y?
True
Let i be 4 + 1/((2 - 2) + 1). Let a = i - -31. Is a a multiple of 7?
False
Let w = 336 - 241. Is w a multiple of 19?
True
Suppose 0 = -k - 4*x + 3, x = -5*k - x + 15. Let j be k + 0 + -3 - -1. Is 15 a factor of -27*(1 - (2 + j))?
False
Suppose 2*z = -z + 2*f + 5903, z - 1985 = 5*f. Is z/60 + 1/4 a multiple of 7?
False
Let s(m) = -5*m**3 - 3*m**2 + m + 1. Let g = -69 - -65. Is s(g) a multiple of 13?
False
Suppose -953 = -h - 5*r, 1270 - 5016 = -4*h + 2*r. Does 67 divide h?
True
Does 15 divide (-12)/10*-9*910/28?
False
Suppose 7*b - 4*c - 3298 = 5*b, -4*b = 2*c - 6626. Does 22 divide b?
False
Let w = 222 - 83. Suppose -4*f + 88 = 3*d, 0*d = -4*d - f + w. Is 12 a factor of d?
True
Let m(b) = b**2 + 7*b - 6. Let s be m(-8). Suppose -2*n + 20 = -0*g + g, s*g = -5*n + 52. Suppose -2*j = -n - 28. Does 16 divide j?
False
Suppose 7*s = 3*s - 196. Let f be s/((-3)/(-12)*-2). Suppose 0 = -2*c - 4*n + f, 5*c - 176 = c + 2*n. Does 15 divide c?
True
Is 145 a factor of (-13056)/(-30) + (-7)/35?
True
Suppose 152 = 3*r - r. Suppose 4*d + 2*t = 152, -3*d + 5*d - r = 3*t. Is d a multiple of 3?
False
Let f = 209 + -44. Suppose -735 = -4*l - 3*q - 140, -f = -l - 4*q. Let g = l - 63. Is 17 a factor of g?
False
Let u(t) be the third derivative of t**5/60 + t**4/24 + 16*t**3/3 + 2*t**2 - 39*t. Suppose 2*y + y = 0. Does 16 divide u(y)?
True
Suppose 0 = 3*x - 0*i + 5*i - 634, -4*i - 589 = -3*x. Let d = x - 45. Suppose 5*w = 4*w - 2*f + 29, -5*w + 3*f + d = 0. Is w a multiple of 18?
False
Let o be 10/2 - (-36)/(-2). Let h(m) = -4*m - 14. Is 19 a factor of h(o)?
True
Let g = 11 + -9. Suppose 0 = -2*m + c - 39 + 168, 0 = g*m + c - 127. Is 16 a factor of m?
True
Let q(x) = x - 12. Let d be q(-8). Let u = 1 - d. Does 8 divide u?
False
Let b be (-6)/(-10) + 6/15. Let g be (-5)/(10/(-48))*b. Suppose 2*z - 2 = g. Does 4 divide z?
False
Let l(i) = 3*i**2 + 7*i + 6. Let f(s) = -s**2 + s + 2. Let x be f(0). Suppose 0 = c + d + x*d + 11, 0 = -5*c + 2*d - 21. Does 18 divide l(c)?
False
Let o(r) = -3*r - 37. Let b be o(-22). Suppose b*v - 31*v + 46 = 0. Does 6 divide v?
False
Let q be (-183)/(-18) - 1/6. Let h = -9 + q. Suppose z - h = 3. Is z even?
True
Let z be -3*(2/2 + -2). Suppose 4*u = -5*j + z*u + 116, 2*j - 48 = -2*u. Is j a multiple of 6?
False
Let l = 28 + 1. Let g = l - 13. Is g a multiple of 4?
True
Let d be -6*-2*(-2)/(-8). Suppose -27 = -d*c + 36. Is c/(-1)*(-24)/9 a multiple of 8?
True
Let q(t) = -t**2 - 10*t - 4. Let c be q(-9). Suppose -4*k - 4*b = -2*k - 292, 725 = 5*k + c*b. Is 18 a factor of k?
True
Let o(u) = 3*u**3 - u**2 + u. Let y be o(-2). Let k = 37 - y. Suppose k - 13 = 3*w. Is w a multiple of 5?
False
Suppose 0*p = -p. Let v = p + 0. Suppose v*c = 5*c - 150. Is 10 a factor of c?
True
Let l(w) = -w + 14. Let a be l(14). Suppose -2*y - 3*n + 89 - 37 = a, 3*n - 29 = -y. Is y even?
False
Let s(p) be the first derivative of -13*p**5/120 - 4*p**3/3 + 7. Let v(q) be the third derivative of s(q). Is 13 a factor of v(-1)?
True
Let t(m) = -m**2 + m + 3. Let z be t(0). Let h = z + -4. Is 20/((-1 - 1)*h) a multiple of 5?
True
Does 21 divide 4/22 + -11974*(-6)/44?
False
Suppose 3*d - 63 = w, 0*w + d = -5*w - 379. Let a = 141 + w. Is 6 a factor of a?
True
Suppose 3*b - 14 = 2*z, 0 = -z + 2*b - 6*b - 18. Let o be 16/z*5/(-2). Suppose -o*p + 74 = -30. Is p a multiple of 26?
True
Let k(f) = f**3 + 30*f**2 - 73*f - 12. Is 69 a factor of k(-32)?
True
Let a(o) = 21*o - 12. Suppose 60 = -5*i - i. Let b = i - -14. Does 21 divide a(b)?
False
Let n(i) be the second derivative of i**5/20 - i**4/3 - i**3/6 + 11*i**2/2 + 3*i. Does 7 divide n(6)?
True
Suppose -3*g + 2*g = -3. Suppose 0 = -4*v + g*j + 186, -j - 3 = 2*v - 101. Is v a multiple of 12?
True
Let u = -15 + 18. Let t be (u - 10/(-6))*-3. Is 17 a factor of (-954)/t - (-10)/(-70)?
True
Let v = 7 + -116. Let z = 296 + v. Does 40 divide z?
False
Let j = 4071 - 2272. Does 20 divide j?
False
Suppose l = 7*l + 24. Does 13 divide (-19)/38 + (-210)/l?
True
Is 2*(2 - 0)*(79 - -1) a multiple of 20?
True
Let d(n) = -5*n**2 - 3*n - 96. Let c(a) = 11*a**2 + 7*a + 191. Let s(x) = -4*c(x) - 9*d(x). Is 15 a factor of s(0)?
False
Let k be (-4)/(-12) - (-95)/(-15). Let p(i) = -2*i**2 - 11*i + 6. Let z be p(k). Suppose -s + 7*s - 576 = z. Does 24 divide s?
True
Suppose 0 = 12*g - 2287 - 2645. Does 46 divide g?
False
Let h(g) be the second derivative of 18*g**5/5 - g**4/12 - g**3/3 + g**2 + 15*g. Does 7 divide h(1)?
False
Suppose -15*t + 47 = -88. Let h(w) = -2*w**3 + 21*w**2 - 7*w - 6. Is h(t) a multiple of 13?
False
Let y = 417 - 402. Is y a multiple of 5?
True
Let v(z) = z**3 + 9*z**2 + z - 3. Let f be v(-9). Let s = f + 14. Suppose 19 = s*o + 1. Is 9 a factor of o?
True
Suppose 0 = 2*g - 4 - 0. Is 41 a factor of (-3 - (125/(-15) + g))*123?
True
Let p(k) = k**2 - 25*k - 49. Does 16 divide p(-14)?
False
Suppose -2*g - 2*g = -3*v + 75, -3*v = 4*g - 99. Let s = -1112 + 1187. Let w = v + s. Is 18 a factor of w?
False
Suppose -2*k - 3282 = -10546. Is k a multiple of 16?
True
Let l be 147 + 1 - (-1 + 0). Suppose 0 = -5*n + 4*f - 32 + l, -4*f - 75 = -3*n. Does 24 divide 4/14 - (-1002)/n?
True
Let h be (-5)/20 - (-370)/8. Suppose 198 = 2*y - h. Let o = -53 + y. Is 20 a factor of o?
False
Suppose 0 = 3*q - 6 - 9, -4*s - 27 = q. Is -22*(180/s)/9 a multiple of 11?
True
Let w(r) = -r**2 + 10*r - 9. Let v be w(6). Let c(o) = o - 6. Let j be c(7). Let m = j + v. Is m a multiple of 9?
False
Let u = -6 + 22. Let n(b) = 11*b - 50. Let v be n(4). Is 5 a factor of v/u - 406/(-16)?
True
Suppose -59*y + 60*y - 6 = 0. Suppose -y*u + 692 = -298. Is u a multiple of 55?
True
Let i(r) = 3*r**3 + 4*r**2 - 4. Let d be i(-2). Let t(k) = k**2 + 8*k + 27. Is t(d) a multiple of 15?
True
Does 3 divide 120 - (2/6)/(5/15)?
False
Let c(s) = -s**3 + 12*s**2 + 13*s - 16. Let p be c(13). Let j = -62 - -22. Does 14 divide j/p*1*10?
False
Suppose -4*p - 23 = -8*p - 3*m, 2*p = m + 9. Suppose -q - 2 = -3*j - p*q, 2*j - 3*q = 7. Suppose 7*c - j*c - 4*o = 163, 0 = -o + 3. Does 13 divide c?
False
Let t(v) = 8*v - 1. Suppose 6 = 4*h + 2*h. Is 7 a factor of t(h)?
True
Suppose -959 = -5*t - 4*w + 5*w, -4*t + 5*w + 763 = 0. Suppose t = 159*h - 155*h. Does 3 divide h?
True
Let s(m) = m**2 + 10*m + 8. Let r be s(9). Suppose -r = -5*f + 21. Does 11 divide f?
False
Suppose 5*y + 30 = -40. Let a be 4/12*(-186)/2. Let s = y - a. Is s a multiple of 16?
False
Let p = 60 + -57. Does 21 divide 6*-2*(-19)/p?
False
Is 5/30 + (-2 - (-27717)/18) a multiple of 26?
False
Let a(q) = -q**2 + q. Let j be a(-2). Is 287/6 - 1/j a multiple of 16?
True
Suppose -4*v - 53 = -f, -4*f = 2*v - v - 8. Let p(s) = 3 - 15*s - 4*s + 16*s**2 - 17*s**2. Is p(v) a multiple of 32?
False
Suppose 0 = t - 4*b - 198, -4*t - 4*b = -0*b - 832. Is t a multiple of 25?
False
Suppose n - 4 = -1. Does 32 divide ((-784)/35)/(n/(-30))?
True
Let d = 155 - -273. Is 61 a factor of d?
False
Let d(u) = u**2 + 0*u - 2 - 7 + 5*u + 10. Let f be d(-5). Suppose 2*c = -n + 22, -5 + f = n. Does 8 divide c?
False
Let x = 1412 + -818. Is x a multiple of 11?
True
Suppose -40 = -y - 3*y. Let r = 7 - y. Is 15 a factor of (-176)/(-3) - 1/r?
False
Let n(f) = -f + 138. Does 14 divide n(-6)?
False
Let k(f) = f**2 + 8*f + 6. Let z be k(-7). Let a be 19/((-2 + 3)/z). Let w = 32 - a. Does 17 divide w?
True
Let z(y) = -3*y**3 + 4*y**2 + 2. Is z(-3) a multiple of 8?
False
Let a(f) = -107*f + 1. Let p be a(-2). Suppose m - b + 0*b - 211 = 0, -m + p = b. Does 46 divide m?
False
Suppose 0*s + 2*i + 8 = 2*s, 2*i + 10 = 0. Is 5 a factor of 46/4*(-2)/s?
Fa